est common factor of j and 12?
12
Suppose 5*w - 234*m + 233*m = 13, 2*w - 14 = -4*m. Let z = -12 - -69. What is the greatest common divisor of w and z?
3
Let w(o) = -o**2 - 5*o - 1. Let z be w(-4). Let r(p) = 2*p - z*p + 0*p + 3. Let d be r(-4). Calculate the highest common factor of d and 14.
7
Suppose -2*d + 3*d = 9. Suppose 128 = s + 5*p, d*p - 8*p = 5*s - 588. Let a = s + -104. Calculate the highest common divisor of a and 14.
14
Suppose -58*m - 187*m = -386120. What is the highest common factor of m and 2955?
197
Let b(q) = 294*q - 2300. Let j be b(10). Calculate the highest common factor of 2688 and j.
128
Let p = 8 - -11. Let g = -352 - -154. Let x = -141 - g. What is the highest common divisor of x and p?
19
Suppose 5*k = -5*h - 22 + 182, 0 = -2*h + k + 58. Calculate the greatest common divisor of 1605 and h.
15
Let n(q) = -5*q + 228. Suppose -3*y - 7*p - 94 = -6*p, p = -4. Let v be n(y). Calculate the highest common divisor of 14 and v.
14
Suppose -2*r + 2*i + 3112 = 0, -5803*i + 30 = -5798*i. What is the greatest common factor of r and 4118?
142
Suppose -60 = -3*k - j, 3*k - 2*j - 3*j = 60. Let z = -12 - k. Let b be 330/12*z/(-20). Calculate the highest common divisor of b and 110.
22
Let c = -1614 - -2514. Suppose -65*n = -70*n + c. Calculate the highest common factor of n and 36.
36
Let u = 75 - 91. Let w be u/(-104) + 583/13. Suppose -y - j + w = 3*j, 3*y - 75 = 3*j. Calculate the greatest common factor of 174 and y.
29
Let u = -31405 + 31570. Calculate the greatest common factor of 315 and u.
15
Let r(t) = 5*t**2 - t + 6. Let a be (-4 - 0) + 4/((-20)/(-5)). Let h be r(a). Suppose -f - 5*f = -h. Calculate the highest common factor of f and 6.
3
Let i = -45736 - -49644. What is the highest common factor of 4 and i?
4
Suppose -45 = -4*s + 11. Let c be 3/7 + 78/s. Let h be (-294)/(-4)*c/9. Calculate the highest common divisor of 7 and h.
7
Let z(t) = 4*t + 45. Let o be z(11). Suppose -94*p + 75 = -o*p. Calculate the highest common divisor of p and 6.
3
Let u(m) = -7*m + 135. Let l = 32 + -20. Let i be u(l). What is the highest common divisor of 51 and i?
51
Let f be 110 + (-2 + 1 - 3). Suppose -f = -8*a + 38. Let n = -6 + a. Calculate the highest common factor of 24 and n.
12
Let u = -4710 + 14230. What is the greatest common divisor of u and 224?
112
Suppose 3*o - 2*c = -2*o + 294, 5*o + 2*c = 306. Suppose -16 = 4*n - o. Calculate the greatest common factor of 143 and n.
11
Let a = 713 + -713. Let f(z) = -z**2 - z + 1025. Let s be f(a). Calculate the highest common divisor of 41 and s.
41
Suppose 0 = i + i + 3*b + 2, 3*b + 14 = -5*i. Suppose -49*o + 12 + 39 = 2. Let l be (35/i)/(-7)*(o + 3). What is the greatest common factor of l and 85?
5
Let z = -324152 + 324184. Let k(o) be the second derivative of 31*o**4/12 - o**3/2 + o. Let s be k(-3). What is the greatest common divisor of s and z?
32
Let b be 5/(-80)*-24*((-33)/(-9) + 1). Calculate the highest common divisor of b and 896.
7
Let n(g) be the third derivative of -4/3*g**3 + 0 + 16*g**2 + 0*g + 1/60*g**5 - 1/24*g**4. Let a be n(-4). What is the greatest common factor of a and 6?
6
Let c = 380 + -260. Let n = c - 93. Calculate the greatest common divisor of n and 24.
3
Suppose 0 = -4*n - t + 134, -5*n + 8*t + 164 = 11*t. What is the greatest common factor of 2074 and n?
34
Suppose -118*v + 2812 = -11466. Calculate the greatest common divisor of v and 17.
1
Suppose 2*m - 738 = 282. Let w = m - 279. What is the highest common divisor of 385 and w?
77
Suppose 3011*g - 259015 = 680417. Suppose -36 = -2*q + 42. Calculate the greatest common divisor of g and q.
39
Suppose 28*m - 42*m = -154. What is the greatest common divisor of m and 77?
11
Suppose 0 = -20*h + 144 + 456. Suppose -2*r = -7*r + 65. Let l = h - r. What is the greatest common divisor of 187 and l?
17
Let x = -39 - -43. Suppose -d = 5*v - 3, 6*d - 3*d + v = 9. Suppose d*o = -x*o + 294. What is the greatest common factor of 12 and o?
6
Let j(f) = f**3 + 9*f**2 - 164*f - 30. Let g be j(-18). Calculate the greatest common factor of g and 3018.
6
Let j = 224 + -222. Suppose 0 = 2*l - j*x - 44, -11*l - 2*x = -10*l - 10. What is the highest common factor of 90 and l?
18
Let l be -6*1*((-138)/18 - 4). Suppose -57*w + 61*w - 84 = 0. What is the highest common factor of l and w?
7
Suppose 31*j + 5236 - 18008 = 0. Let w = -184 - 67. Let x = w + j. Calculate the greatest common factor of x and 23.
23
Let f = -201 + 209. Suppose 5*o - 13*o = -f. What is the highest common divisor of o and 2?
1
Let h = -91 + 36. Let c = 52 + h. Let n be (1 - (-6 - c))*4*4. What is the highest common divisor of n and 8?
8
Let j be 93267/1032 + -2 + (-13)/(-8). Let h be (-5 - (1 + 4))*-5. What is the highest common factor of h and j?
10
Let c(r) = 4*r**2 + 2*r. Let d be c(9). Let m = -40 - -496. Calculate the greatest common factor of d and m.
114
Let o(g) = g**3 - 2*g**2 + g + 31. Let m = -40 + 40. Let s be o(m). What is the greatest common factor of s and 31?
31
Suppose 0 = g - 7*w + 4*w - 22, 2*g - 54 = -4*w. Let k = 10 - 10. Suppose k = o + o - 20. What is the highest common factor of o and g?
5
Let c(r) = r**3 + 2*r**2 + 2*r + 240. Let w be c(0). Calculate the highest common divisor of 3720 and w.
120
Suppose 0 = -78*k + 424975 + 448309 - 307082. What is the greatest common divisor of k and 17?
17
Suppose -6*t = -43 - 41. Let l be (-6)/(-14) + 50/t + 2. Calculate the greatest common factor of l and 96.
6
Suppose -5*l - 40 = -l. Let n(q) = 2*q**2 + 15*q - 29. Let a be n(l). What is the greatest common factor of 399 and a?
21
Suppose 0 = v - 4*v + 336. Suppose 160 + 158 = 6*n. Suppose 0 = -3*s + n - 5. Calculate the greatest common factor of s and v.
16
Suppose 10*b - 12*b = -8, 4*y - 36 = -2*b. Suppose -4*w = -m - 59, -w - y*m + 20 = -9*m. Let q = -127 - -281. Calculate the greatest common divisor of w and q.
14
Suppose 0*x + 32 = 2*x + 3*j, 61 = 5*x - 2*j. Let n be -1 + 1 - (5 - 1). Let v = x + n. Calculate the greatest common factor of 36 and v.
9
Suppose -101*n + 64*n = -814. Calculate the highest common factor of n and 1562.
22
Let t = -6693 + 6877. Calculate the greatest common factor of 598 and t.
46
Let w be (-7)/(39/(-13) - -4) + -1 + 5718. Calculate the greatest common divisor of w and 30.
10
Suppose l - 15 = -o, -4*l + 45*o + 56 = 48*o. Suppose 58 = -l*s + 190. Let z(p) = -2*p - 1. Let g be z(-2). What is the greatest common factor of s and g?
3
Let u(w) = 423*w - 255. Let m be u(17). Suppose 35*p = 18*p + m. Calculate the highest common divisor of 24 and p.
24
Let s(c) = 27*c - 21*c - 3 + 114. Let m be s(-11). Calculate the greatest common factor of m and 585.
45
Suppose -3040526 + 4575811 + 4172623 = 474*y. What is the highest common factor of y and 108?
54
Let u(b) = b**2 - 103*b - 230. Let l be u(-46). Calculate the highest common divisor of 46 and l.
46
Suppose 36204 + 15204 = 72*a. Calculate the highest common divisor of 98 and a.
14
Let m(r) = 11*r**3 + 3*r**2 + 3*r - 109. Let i be m(17). Calculate the highest common divisor of i and 12.
12
Suppose -2003 = -8*k + 164 + 1249. Calculate the greatest common factor of k and 244.
61
Suppose -r + 5*d = 96, 2*r - r = 4*d - 99. Let f be 1*r/(-6)*2. Let g = 773 - 699. What is the highest common divisor of g and f?
37
Suppose -5*h + 35 = -65. Let g = 2603 - 2593. Calculate the highest common divisor of h and g.
10
Let u(o) = -o**3 - 4*o**2 - o - 1. Let q be u(-4). Suppose -23 = 4*y - 11. Let n = 3 - y. What is the highest common divisor of n and q?
3
Suppose -176*h - 4320 = -184*h. Suppose -25*j + 15*j + h = 0. Calculate the greatest common divisor of j and 2.
2
Let m = 1892 + -1432. What is the greatest common divisor of m and 40?
20
Suppose 25*n - 535 = 212 + 3. Calculate the greatest common divisor of 1524 and n.
6
Suppose 0*b + 15*b = 405. Suppose -r = -282 + b. What is the greatest common factor of r and 15?
15
Suppose 44*v - 94*v + 36 = -47*v. Calculate the greatest common factor of v and 31884.
12
Let h(k) = 153*k**2 + 22*k + 5. Let g(z) = 51*z**2 + 7*z + 2. Let p(m) = -8*g(m) + 3*h(m). Let x be p(-1). What is the highest common divisor of 15 and x?
5
Suppose -2*c = 6*c + 24. Let h be (-7)/21*c*12. Calculate the highest common divisor of h and 9.
3
Let c = 13839 - 13827. Let i(a)